-b + 2*c = -59720, 10*b + 119428 = 12*b + 2*c. What are the prime factors of b?
2, 14929
List the prime factors of (-211964)/(-64) - ((-40)/128)/5.
2, 3, 23
Let r(b) = 7*b**2 + 26*b + 24. Let g(o) = o + 1. Let s(c) = 4*g(c) + r(c). List the prime factors of s(-12).
2, 13
Let v be -12 + 4/(-8)*-8. Let n be (-2)/v + (-3069)/(-44). Suppose 0 = -0*k - 5*k + n. What are the prime factors of k?
2, 7
Suppose 3*c + 2*w = 10612, -620*w + 622*w + 14140 = 4*c. List the prime factors of c.
2, 13, 17
Suppose 24*g - 2439210 - 865390 = -17*g. What are the prime factors of g?
2, 5, 13, 31
What are the prime factors of (-112968)/(-14) + (-77)/539?
8069
Suppose -2*s + m - 2*m = -10, -5*s + 32 = -m. Suppose -10 = s*h + 8. What are the prime factors of -3*(26/(-3) - h)?
17
Let v = 2117 - -1327. Suppose 2*i + 4*i = v. What are the prime factors of i?
2, 7, 41
Suppose u = 2*j - 1705, 3*u - 5*j = -100 - 5018. Let f = u - -2974. List the prime factors of f.
3, 421
Suppose 108*w - 2431548 = 1584413 - 702521. What are the prime factors of w?
2, 5, 13, 59
Let t be 4/24*268 - (-2)/(-3). Suppose -y + 34 = 2*d + 2*d, -y = 2*d - t. Let z = -6 + y. What are the prime factors of z?
2, 3
Let m be ((-51)/5)/(-10 - 894/(-90)). Let d = -75 + m. What are the prime factors of d?
2, 3, 13
Suppose f + 4*k = 40, -f = -2*k + 4*k - 32. What are the prime factors of (-3*(-20)/f)/(2/204)?
3, 5, 17
Let z(p) = p**3 - 2*p**2 - 35*p + 46. Let l be z(14). Let g = -1029 + l. List the prime factors of g.
3, 293
Suppose -60*m + 525 = -25*m. Suppose 0 = m*n + 10*n - 20075. List the prime factors of n.
11, 73
Let o be 21/35 - -2*554/20. Suppose 1364 = o*s - 52*s. What are the prime factors of s?
11, 31
Suppose 4*p - f = 15, 0 = -5*p - 3*f + 4*f + 18. List the prime factors of p/6*8*29/4.
29
Suppose -47*o + 3*o = -7*o - 2467567. List the prime factors of o.
17, 3923
What are the prime factors of (1674/(-465))/(4/(-16550))?
3, 5, 331
Let y = -143 + 147. List the prime factors of ((y - 5)*-1)/(2/1138).
569
Let t = 128 - 88. Let j = t + -40. Suppose i + 4*i - 251 = -3*k, j = -3*k + i + 227. What are the prime factors of k?
7, 11
List the prime factors of (-7756)/(8 + (-4 - 6)).
2, 7, 277
Suppose 5*v + 15*g - 18*g = 59198, 0 = -3*g - 18. What are the prime factors of v?
2, 11, 269
Let o be 288/(-11) - (-28)/154. Let k = -148 - o. Let z = k + 213. List the prime factors of z.
7, 13
Let a(b) = 4*b - 58. Let u be a(15). What are the prime factors of (18/(-30))/(2/(u + -1792))?
3, 179
Let p(r) = 106*r**2 - r - 1. Let c be 1 + (-4)/10 - 232/145. What are the prime factors of p(c)?
2, 53
What are the prime factors of (8084/(-6))/(3/(-45)*5)?
2, 43, 47
Let c = 125 - -156. Suppose -c = -12*s + 115. Suppose s*q - 28*q - 720 = 0. What are the prime factors of q?
2, 3
Let d be (-1 - (-116)/(-14)) + 106/371. List the prime factors of 3*-30*(-22 - d).
2, 3, 5, 13
Suppose 100*y - 103*y = -3*t + 94254, 3*t + y - 94242 = 0. List the prime factors of t.
5, 61, 103
Let x(n) = 66*n**2 - 19*n - 143. What are the prime factors of x(-8)?
3, 17, 83
Suppose 13*n = 134873 - 31887. List the prime factors of n.
2, 17, 233
Suppose -r - 3 = 2*r, 5*r + 5 = -4*f. Let q(l) = l**2 - 2*l - 19. Let c be q(6). Suppose f*s = 3*s - 3*n - 270, -c = 5*n. List the prime factors of s.
89
Let v(n) = 15*n + 5. Let r(g) = 22*g + 7. Let j(s) = 3*s + 17. Let o be j(-4). Let i(h) = o*r(h) - 8*v(h). What are the prime factors of i(-12)?
5, 23
Suppose 46 + 458 = 4*w. What are the prime factors of (w/27 - 4)/(1/42)?
2, 7
What are the prime factors of (-80)/(-30)*(17145/6 - -3)?
2, 1907
Suppose 181*q - 171*q - 195990 = 0. What are the prime factors of q?
3, 47, 139
Suppose 125*o - 149*o = -325344. What are the prime factors of o?
2, 3389
What are the prime factors of ((-11333)/3 + -11)/(4/(-54))?
3, 5683
List the prime factors of (40242 - 9)*(-30)/(-45).
2, 13411
Suppose 20 = s + 21. Let b be ((-46)/6)/((-1)/21) + s. Let u = -9 + b. What are the prime factors of u?
151
Suppose 0 = -3*p - k + 4033, -2*k - 2664 = 3*p - 6698. List the prime factors of p.
2, 3, 7
List the prime factors of (10 - 1358/(-35))/(4/550).
2, 5, 11, 61
Let c = 54619 + -5292. List the prime factors of c.
107, 461
Let y(c) = c**3 + 38*c**2 - 34*c + 256. List the prime factors of y(-33).
6823
Suppose -2*h + 6511 = 3*j - 552, h = -5*j + 11760. What are the prime factors of j?
2351
Let y(k) = k**3 + 5*k**2 - 20*k + 45. Let a(r) = -r**3 - 4*r**2 + 19*r - 44. Let f(b) = -2*a(b) - 3*y(b). What are the prime factors of f(-11)?
3, 5, 13
Suppose 3*u - 453 = -c - 170, -288 = -c + 2*u. Suppose -6*q = -2*f - 8*q + 146, 4*f - c = -2*q. What are the prime factors of f?
2, 5, 7
Let p(b) = 4*b**2 - 17*b + 97. Let r be p(7). What are the prime factors of (6292/(-13))/(-11)*r/8?
3, 11, 29
Suppose -20*r = -16*r + 24. What are the prime factors of 657/(-54) - -12 - 1321/r?
2, 5, 11
Let z(b) = 6*b**3 + 10*b - 6. Let y(u) = u**3 + 2*u - 1. Let q(c) = -11*y(c) + 2*z(c). Let h be q(2). Suppose -54 = -3*p - h. What are the prime factors of p?
17
Suppose -10*o + 21*o - 99 = 0. List the prime factors of (3 - 3240)*((-12)/o - -1).
13, 83
Let u(a) = 40*a + 215. Suppose -19 + 76 = 3*h - 5*p, p + 73 = 5*h. What are the prime factors of u(h)?
5, 31
Let t(k) = 2 + 0*k**3 + 9*k + 15*k**2 - 5 - 18*k**2 - 2*k**3. Suppose -1 = 7*l + 27. What are the prime factors of t(l)?
41
Let u(d) = -6*d + 29. Suppose 0 = -3*h + 7*h - 5*j + 248, 4*j + 124 = -2*h. Let b = h + 49. List the prime factors of u(b).
107
Suppose 4*g + 6*g - 2190 = 0. Suppose -3*l - 389 = -2*d, -3*d - 2*l + 345 = -g. What are the prime factors of d?
2, 5, 19
Let y(l) = -1694*l - 413. List the prime factors of y(-9).
7, 13, 163
Let v be 7 - 12 - 2*-2*1. Let k(d) = d**2 + 10*d - 7. Let q be k(-11). What are the prime factors of q + v - (-50 + -4)?
3, 19
Let p = -70 + 94. Let o = p - 20. Suppose -d = -o*d + 660. List the prime factors of d.
2, 5, 11
Suppose -14 + 161 = -3*n. Suppose -259*q = -250*q + 1251. Let u = n - q. What are the prime factors of u?
2, 3, 5
Suppose 232 = -i + 3*i + 4*j, 3*j = 2*i - 253. Let h = 57 + i. List the prime factors of h.
179
Let z(i) = 11*i**2 - 6*i + 4. Let t(p) be the second derivative of p**3/2 + 11*p**2/2 + 7*p. Let g be t(-3). What are the prime factors of z(g)?
2, 3
Let b(t) = 206*t - 496. What are the prime factors of b(20)?
2, 3, 151
Suppose -85695 = -33*o - 24909. Let s = -269 + o. List the prime factors of s.
11, 13
Let c(x) = -12 - 4*x**2 + 3*x**2 - 2*x**2 + x**3. List the prime factors of c(8).
2, 7, 11
Let z = -18783 + 34983. List the prime factors of z.
2, 3, 5
Let s(g) = -6*g - 160. Let t be s(-27). Suppose -3*o + 674 = z, 2*z = -t*z + 8. What are the prime factors of o?
2, 7
List the prime factors of ((-4)/((-72)/115803))/(((-9)/(-10))/3).
5, 4289
Let x = -5173 + 13993. What are the prime factors of x?
2, 3, 5, 7
Suppose 100 + 140 = -6*v. List the prime factors of 52/(9 + 358/v).
2, 5, 13
Let b(h) = -h**3 + 8*h**2 - 11*h - 14. Suppose -2*t - 4 + 16 = 0. Let g be b(t). Let i(n) = 2*n**2 + 10*n - 13. What are the prime factors of i(g)?
5, 7
Let r(y) = 1159*y - 4146. What are the prime factors of r(7)?
3967
Let m = 3113 - 3140. Let w be 1/((-2)/148 - 0). Let y = m - w. List the prime factors of y.
47
Suppose -13*c + 1023021 = 33*c + 91935. What are the prime factors of c?
3, 13, 173
Suppose 5*r - 189390 = -25*r. What are the prime factors of r?
59, 107
Suppose 27 = 2*u + 13. Let p(t) = 11*t - 5. Let m be p(u). Let y = m + 14. What are the prime factors of y?
2, 43
What are the prime factors of (2 - 128490/(-66)) + (-22)/(-121)?
1949
Let n(o) = -o + 14. Let i be n(11). Let f be (-2)/(-12) - i/18*-17. Suppose -10*h + 5*w = -7*h - 81, f*h - 2*w - 72 = 0. What are the prime factors of h?
2, 11
Let i(f) = -6*f - 111. Let p be i(-18). Let s(c) be the second derivative of 5*c**4/12 - c**3/3 + c**2 - 3*c. What are the prime factors of s(p)?
53
What are the prime factors of 2/(-9) - ((-29)/2)/((-621)/(-1428438))?
33353
Suppose -149*d - 41992 = -951190. What are the prime factors of d?
2, 3, 113
Let v(q) = q**2 + 10*q + 7. Let d be v(-4). Let c(l) = -l - 13. Let w be c(d). Suppose -20 = w*j, 0*b + 4*j = 3*b - 299. List the prime factors of b.
3, 31
Suppose 0 = -3929*t + 3922*t + 43120. What are the prime factors of t?
2, 5,